{"id":2,"date":"2021-03-04T16:38:06","date_gmt":"2021-03-04T15:38:06","guid":{"rendered":"https:\/\/www.tresor-style.com\/?page_id=2"},"modified":"2021-03-20T11:57:21","modified_gmt":"2021-03-20T10:57:21","slug":"page-d-exemple","status":"publish","type":"page","link":"https:\/\/www.tresor-style.com\/","title":{"rendered":"La cr\u00e9atrice"},"content":{"rendered":"\n<div class=\"wp-block-columns is-layout-flex wp-container-core-columns-is-layout-9d6595d7 wp-block-columns-is-layout-flex\">\n<div class=\"wp-block-column is-layout-flow wp-block-column-is-layout-flow\" style=\"flex-basis:100%\">\n<div class=\"wp-block-group alignwide\"><div class=\"wp-block-group__inner-container is-layout-flow wp-block-group-is-layout-flow\">\n<div class=\"wp-block-image is-style-rounded\"><figure class=\"aligncenter is-resized\"><img loading=\"lazy\" decoding=\"async\" src=\"https:\/\/www.tresor-style.com\/wp-content\/uploads\/2021\/03\/Tesor_30012021_DSC9809-1-150x150.jpg\" alt=\"Portrait de Tr\u00e9sor Niclette LUTEKE WALO\" class=\"wp-image-89\" width=\"376\" height=\"376\" srcset=\"https:\/\/www.tresor-style.com\/wp-content\/uploads\/2021\/03\/Tesor_30012021_DSC9809-1-150x150.jpg 150w, https:\/\/www.tresor-style.com\/wp-content\/uploads\/2021\/03\/Tesor_30012021_DSC9809-1-550x550.jpg 550w, https:\/\/www.tresor-style.com\/wp-content\/uploads\/2021\/03\/Tesor_30012021_DSC9809-1-500x500.jpg 500w, https:\/\/www.tresor-style.com\/wp-content\/uploads\/2021\/03\/Tesor_30012021_DSC9809-1-1000x1000.jpg 1000w\" sizes=\"auto, (max-width: 376px) 100vw, 376px\" \/><\/figure><\/div>\n\n\n\n<h2 class=\"has-text-align-center wp-block-heading\">Tr\u00e9sor Niclette LUTEKE WALO<\/h2>\n\n\n\n<div style=\"height:18px\" aria-hidden=\"true\" class=\"wp-block-spacer\"><\/div>\n<\/div><\/div>\n\n\n\n<h6 class=\"has-text-align-center wp-block-heading\">Cr\u00e9atrice et fondatrice de la marque<em> <\/em><strong><em>Tr\u00e9sor Style<\/em>, <\/strong><br>je suis fille de couturi\u00e8re et passionn\u00e9e de couture !<\/h6>\n<\/div>\n<\/div>\n\n\n\n<div style=\"height:32px\" aria-hidden=\"true\" class=\"wp-block-spacer\"><\/div>\n\n\n\n<blockquote class=\"wp-block-quote has-text-align-left is-style-default is-layout-flow wp-block-quote-is-layout-flow\"><p>Concevoir des v\u00eatements et des accessoires de mode me permet de m\u2019\u00e9vader, <br>de voyager dans l\u2019imaginaire et de plonger dans la cr\u00e9ativit\u00e9 !<\/p><\/blockquote>\n\n\n\n<p class=\"has-text-align-left .block_enter\" style=\"font-size:14px\"><br>Tr\u00e8s jeune, Tr\u00e9sor a commenc\u00e9 \u00e0 concevoir et r\u00e9aliser des v\u00eatements pour elle et son entourage. Apr\u00e8s son Bac de coupe-couture, elle financ\u00e9 ses \u00e9tudes en droit par cette activit\u00e9. Cela lui a permis de d\u00e9velopper des capacit\u00e9s de gestionnaire en plus de ses comp\u00e9tences en couture, droit, social, leadership, client\u00e8le, administration et ressources humaines.\u00a0<br><strong>S<\/strong>on go\u00fbt prononc\u00e9 pour les couleurs vives et les motifs color\u00e9s l&rsquo;a pouss\u00e9 \u00e0 r\u00e9aliser des m\u00e9langes de tissus de toutes sortes.<br>De nature dynamique et curieuse, Tr\u00e9sor touche \u00e0 tout. Elle adore manipuler tout type de tissu venant de partout dans le monde pour cr\u00e9er de mani\u00e8re diversifi\u00e9e.<\/p>\n\n\n\n<blockquote class=\"wp-block-quote has-text-align-right is-style-default is-layout-flow wp-block-quote-is-layout-flow\"><p><br><em>Mes inspirations me viennent de la nature, j&rsquo;observe autour de moi. J\u2019aime proposer des solutions et apporter des r\u00e9ponses aux demandes ou aux besoins de la nature, des situations ou des personnes que j\u2019observe<\/em>.<\/p><\/blockquote>\n\n\n\n<div style=\"height:50px\" aria-hidden=\"true\" class=\"wp-block-spacer\"><\/div>\n\n\n\n<p style=\"font-size:14px\">La conception d\u2019un v\u00eatement, la rigueur des techniques de couture, l\u2019exigence d\u2019une client\u00e8le, faire face \u00e0 la concurrence et innover dans les moyens de communication et commercialisation on favoriser le perfectionnement de son savoir-faire. Les formations, son cursus professionnel et associatif vari\u00e9 et son dipl\u00f4me d\u2019\u00e9ducatrice sp\u00e9cialis\u00e9e\u00a0 d\u2019enrichir son r\u00e9seau et d\u2019identifier les besoins afin d\u2019ajuster sa pratique. Tr\u00e9sor a organis\u00e9 plusieurs d\u00e9fil\u00e9s de mode \u00e0 l\u2019\u00e9chelle internationale et a cr\u00e9\u00e9 la marque <em><strong>Tr\u00e9sor Style<\/strong><\/em> avec le slogan :<\/p>\n\n\n\n<h2 class=\"has-text-align-center has-black-color has-text-color wp-block-heading\"><em>Ton style, ton identit\u00e9 <\/em><\/h2>\n\n\n\n<div style=\"height:41px\" aria-hidden=\"true\" class=\"wp-block-spacer\"><\/div>\n\n\n\n<blockquote class=\"wp-block-quote is-layout-flow wp-block-quote-is-layout-flow\"><p><em>De nature conviviale et d\u00e9termin\u00e9e, je suis attentionn\u00e9e, dynamique,<br>rigoureuse, curieuse, cr\u00e9ative et in\u00e9branlable ! J&rsquo;apporte un grand soin \u00e0 tout ce que je fais ! <\/em><\/p><\/blockquote>\n\n\n\n<blockquote class=\"wp-block-quote has-text-align-right is-style-default is-layout-flow wp-block-quote-is-layout-flow\"><p><br><em>Vous l\u2019avez compris, la couture est ma passion, le partage, mon \u00e9thique de vie. Je souhaite\u00a0exploiter mes talents de cr\u00e9atrice et ceux d\u2019\u00e9ducatrice, pour faire entrer le style et le bien \u00eatre dans la vie de tous ceux qui en r\u00eavent !!! <\/em><\/p><\/blockquote>\n\n\n\n<div style=\"height:59px\" aria-hidden=\"true\" class=\"wp-block-spacer\"><\/div>\n\n\n\n<div class=\"wp-block-cover has-background-dim-20 has-black-background-color has-background-dim\"><img loading=\"lazy\" decoding=\"async\" width=\"1600\" height=\"740\" class=\"wp-block-cover__image-background wp-image-43\" alt=\"\" src=\"https:\/\/www.tresor-style.com\/wp-content\/uploads\/2021\/03\/wax-curry-copie.jpg\" data-object-fit=\"cover\" srcset=\"https:\/\/www.tresor-style.com\/wp-content\/uploads\/2021\/03\/wax-curry-copie.jpg 1600w, https:\/\/www.tresor-style.com\/wp-content\/uploads\/2021\/03\/wax-curry-copie-300x139.jpg 300w, https:\/\/www.tresor-style.com\/wp-content\/uploads\/2021\/03\/wax-curry-copie-1024x474.jpg 1024w, https:\/\/www.tresor-style.com\/wp-content\/uploads\/2021\/03\/wax-curry-copie-768x355.jpg 768w, https:\/\/www.tresor-style.com\/wp-content\/uploads\/2021\/03\/wax-curry-copie-1536x710.jpg 1536w, https:\/\/www.tresor-style.com\/wp-content\/uploads\/2021\/03\/wax-curry-copie-700x324.jpg 700w, https:\/\/www.tresor-style.com\/wp-content\/uploads\/2021\/03\/wax-curry-copie-1100x509.jpg 1100w\" sizes=\"auto, (max-width: 1600px) 100vw, 1600px\" \/><div class=\"wp-block-cover__inner-container is-layout-flow wp-block-cover-is-layout-flow\">\n<p class=\"has-text-align-center has-white-color has-text-color\" style=\"font-size:35px\"><strong><em>T<\/em><\/strong><a href=\"https:\/\/www.tresor-style.com\/?page_id=20\"><strong><em>r\u00e9sor style<\/em><\/strong> <br><br>des ateliers de couture pour tous et pour toutes !<\/a><br><\/p>\n<\/div><\/div>\n\n\n\n<div style=\"height:65px\" aria-hidden=\"true\" class=\"wp-block-spacer\"><\/div>\n","protected":false},"excerpt":{"rendered":"<p>Tr\u00e9sor Niclette LUTEKE WALO Cr\u00e9atrice et fondatrice de la marque Tr\u00e9sor Style, je suis fille de couturi\u00e8re et passionn\u00e9e de couture ! Concevoir des v\u00eatements et des accessoires de mode me permet de m\u2019\u00e9vader, de voyager dans l\u2019imaginaire et de plonger dans la cr\u00e9ativit\u00e9 !&#8230;<\/p>\n","protected":false},"author":1,"featured_media":43,"parent":0,"menu_order":0,"comment_status":"closed","ping_status":"open","template":"","meta":{"footnotes":""},"class_list":["post-2","page","type-page","status-publish","has-post-thumbnail","hentry"],"_links":{"self":[{"href":"https:\/\/www.tresor-style.com\/index.php?rest_route=\/wp\/v2\/pages\/2","targetHints":{"allow":["GET"]}}],"collection":[{"href":"https:\/\/www.tresor-style.com\/index.php?rest_route=\/wp\/v2\/pages"}],"about":[{"href":"https:\/\/www.tresor-style.com\/index.php?rest_route=\/wp\/v2\/types\/page"}],"author":[{"embeddable":true,"href":"https:\/\/www.tresor-style.com\/index.php?rest_route=\/wp\/v2\/users\/1"}],"replies":[{"embeddable":true,"href":"https:\/\/www.tresor-style.com\/index.php?rest_route=%2Fwp%2Fv2%2Fcomments&post=2"}],"version-history":[{"count":105,"href":"https:\/\/www.tresor-style.com\/index.php?rest_route=\/wp\/v2\/pages\/2\/revisions"}],"predecessor-version":[{"id":603,"href":"https:\/\/www.tresor-style.com\/index.php?rest_route=\/wp\/v2\/pages\/2\/revisions\/603"}],"wp:featuredmedia":[{"embeddable":true,"href":"https:\/\/www.tresor-style.com\/index.php?rest_route=\/wp\/v2\/media\/43"}],"wp:attachment":[{"href":"https:\/\/www.tresor-style.com\/index.php?rest_route=%2Fwp%2Fv2%2Fmedia&parent=2"}],"curies":[{"name":"wp","href":"https:\/\/api.w.org\/{rel}","templated":true}]}}

La créatrice

<div class="wp-block-columns is-layout-flex wp-container-core-columns-is-layout-9d6595d7 wp-block-columns-is-layout-flex">
<div class="wp-block-column is-layout-flow wp-block-column-is-layout-flow" style="flex-basis:100%">
<div class="wp-block-group alignwide"><div class="wp-block-group__inner-container is-layout-flow wp-block-group-is-layout-flow">
<div class="wp-block-image is-style-rounded"><figure class="aligncenter is-resized"><img loading="lazy" decoding="async" src="https://www.tresor-style.com/wp-content/uploads/2021/03/Tesor_30012021_DSC9809-1-150x150.jpg" alt="Portrait de Trésor Niclette LUTEKE WALO" class="wp-image-89" width="376" height="376" srcset="https://www.tresor-style.com/wp-content/uploads/2021/03/Tesor_30012021_DSC9809-1-150x150.jpg 150w, https://www.tresor-style.com/wp-content/uploads/2021/03/Tesor_30012021_DSC9809-1-550x550.jpg 550w, https://www.tresor-style.com/wp-content/uploads/2021/03/Tesor_30012021_DSC9809-1-500x500.jpg 500w, https://www.tresor-style.com/wp-content/uploads/2021/03/Tesor_30012021_DSC9809-1-1000x1000.jpg 1000w" sizes="auto, (max-width: 376px) 100vw, 376px" /></figure></div>



<h2 class="has-text-align-center wp-block-heading">Trésor Niclette LUTEKE WALO</h2>



<div style="height:18px" aria-hidden="true" class="wp-block-spacer"></div>
</div></div>



<h6 class="has-text-align-center wp-block-heading">Créatrice et fondatrice de la marque<em> </em><strong><em>Trésor Style</em>, </strong><br>je suis fille de couturière et passionnée de couture !</h6>
</div>
</div>



<div style="height:32px" aria-hidden="true" class="wp-block-spacer"></div>



<blockquote class="wp-block-quote has-text-align-left is-style-default is-layout-flow wp-block-quote-is-layout-flow"><p>Concevoir des vêtements et des accessoires de mode me permet de m’évader, <br>de voyager dans l’imaginaire et de plonger dans la créativité !</p></blockquote>



<p class="has-text-align-left .block_enter" style="font-size:14px"><br>Très jeune, Trésor a commencé à concevoir et réaliser des vêtements pour elle et son entourage. Après son Bac de coupe-couture, elle financé ses études en droit par cette activité. Cela lui a permis de développer des capacités de gestionnaire en plus de ses compétences en couture, droit, social, leadership, clientèle, administration et ressources humaines. <br><strong>S</strong>on goût prononcé pour les couleurs vives et les motifs colorés l&rsquo;a poussé à réaliser des mélanges de tissus de toutes sortes.<br>De nature dynamique et curieuse, Trésor touche à tout. Elle adore manipuler tout type de tissu venant de partout dans le monde pour créer de manière diversifiée.</p>



<blockquote class="wp-block-quote has-text-align-right is-style-default is-layout-flow wp-block-quote-is-layout-flow"><p><br><em>Mes inspirations me viennent de la nature, j&rsquo;observe autour de moi. J’aime proposer des solutions et apporter des réponses aux demandes ou aux besoins de la nature, des situations ou des personnes que j’observe</em>.</p></blockquote>



<div style="height:50px" aria-hidden="true" class="wp-block-spacer"></div>



<p style="font-size:14px">La conception d’un vêtement, la rigueur des techniques de couture, l’exigence d’une clientèle, faire face à la concurrence et innover dans les moyens de communication et commercialisation on favoriser le perfectionnement de son savoir-faire. Les formations, son cursus professionnel et associatif varié et son diplôme d’éducatrice spécialisée  d’enrichir son réseau et d’identifier les besoins afin d’ajuster sa pratique. Trésor a organisé plusieurs défilés de mode à l’échelle internationale et a créé la marque <em><strong>Trésor Style</strong></em> avec le slogan :</p>



<h2 class="has-text-align-center has-black-color has-text-color wp-block-heading"><em>Ton style, ton identité </em></h2>



<div style="height:41px" aria-hidden="true" class="wp-block-spacer"></div>



<blockquote class="wp-block-quote is-layout-flow wp-block-quote-is-layout-flow"><p><em>De nature conviviale et déterminée, je suis attentionnée, dynamique,<br>rigoureuse, curieuse, créative et inébranlable ! J&rsquo;apporte un grand soin à tout ce que je fais ! </em></p></blockquote>



<blockquote class="wp-block-quote has-text-align-right is-style-default is-layout-flow wp-block-quote-is-layout-flow"><p><br><em>Vous l’avez compris, la couture est ma passion, le partage, mon éthique de vie. Je souhaite exploiter mes talents de créatrice et ceux d’éducatrice, pour faire entrer le style et le bien être dans la vie de tous ceux qui en rêvent !!! </em></p></blockquote>



<div style="height:59px" aria-hidden="true" class="wp-block-spacer"></div>



<div class="wp-block-cover has-background-dim-20 has-black-background-color has-background-dim"><img loading="lazy" decoding="async" width="1600" height="740" class="wp-block-cover__image-background wp-image-43" alt="" src="https://www.tresor-style.com/wp-content/uploads/2021/03/wax-curry-copie.jpg" data-object-fit="cover" srcset="https://www.tresor-style.com/wp-content/uploads/2021/03/wax-curry-copie.jpg 1600w, https://www.tresor-style.com/wp-content/uploads/2021/03/wax-curry-copie-300x139.jpg 300w, https://www.tresor-style.com/wp-content/uploads/2021/03/wax-curry-copie-1024x474.jpg 1024w, https://www.tresor-style.com/wp-content/uploads/2021/03/wax-curry-copie-768x355.jpg 768w, https://www.tresor-style.com/wp-content/uploads/2021/03/wax-curry-copie-1536x710.jpg 1536w, https://www.tresor-style.com/wp-content/uploads/2021/03/wax-curry-copie-700x324.jpg 700w, https://www.tresor-style.com/wp-content/uploads/2021/03/wax-curry-copie-1100x509.jpg 1100w" sizes="auto, (max-width: 1600px) 100vw, 1600px" /><div class="wp-block-cover__inner-container is-layout-flow wp-block-cover-is-layout-flow">
<p class="has-text-align-center has-white-color has-text-color" style="font-size:35px"><strong><em>T</em></strong><a href="https://www.tresor-style.com/?page_id=20"><strong><em>résor style</em></strong> <br><br>des ateliers de couture pour tous et pour toutes !</a><br></p>
</div></div>



<div style="height:65px" aria-hidden="true" class="wp-block-spacer"></div>

<p>Trésor Niclette LUTEKE WALO Créatrice et fondatrice de la marque Trésor Style, je suis fille de couturière et passionnée de couture ! Concevoir des vêtements et des accessoires de mode me permet de m’évader, de voyager dans l’imaginaire et de plonger dans la créativité !&#8230;</p>
